 = 671*z - 23510. Calculate k(35).
-25
Let c(q) = q**3 + 828*q**2 + 5818*q + 58284. Give c(-821).
-7
Let l(w) = -8*w**3 + 24990*w**2 + 24990*w + 2. Give l(-1).
10
Let v(z) = -z**3 - 35*z**2 - 216*z - 325. Calculate v(-16).
-1733
Let y(p) = -13*p**2 + 42787*p - 85560. Determine y(2).
-38
Let p(s) = s**2 + 309*s - 23848. Give p(-373).
24
Let t(c) = -18*c**3 + 1366*c**2 + 164*c - 909. Determine t(76).
3
Let v(x) = 9*x - 636. Determine v(-53).
-1113
Let k(p) = -65*p**2 + 12674*p + 198. What is k(195)?
3
Let v(m) = 41413*m + 745436. What is v(-18)?
2
Let l(m) = 334*m + 6755. What is l(-19)?
409
Let z(x) = -1243*x - 117606. Determine z(-94).
-764
Let n(u) = 791705*u - 42752076. Give n(54).
-6
Let y(s) = -4*s**2 - 202*s + 165. Determine y(-51).
63
Let g(b) = -29*b**2 + 4518*b + 10101. Determine g(158).
-11
Let v(x) = -377*x + 19396. What is v(51)?
169
Let i(v) = -3792*v**3 + v**2 + 824*v + 824. What is i(-1)?
3793
Let m(d) = -d**3 - 107*d**2 + 210*d - 538. Calculate m(-109).
334
Let q(c) = c**3 + 98*c**2 - 2010*c + 960. Calculate q(17).
25
Let b(d) = -443*d + 6174. Calculate b(14).
-28
Let a(s) = -2*s**3 + 68*s**2 + 20*s + 212. Give a(35).
-1538
Let s(r) = -36076*r + 1443039. Give s(40).
-1
Let z(m) = -m**2 - 1754*m + 51695. Determine z(29).
-12
Let c(k) = 681*k + 28694. Determine c(-43).
-589
Let i(f) = 419*f - 58324. Calculate i(143).
1593
Let d(p) = 12*p**2 - 137*p - 2312. What is d(-10)?
258
Let o(u) = -295*u**2 + 1083*u - 4334. Give o(4).
-4722
Let y(s) = 10*s**2 + 84*s - 19. Determine y(-7).
-117
Let y(t) = 697*t**2 + 1435*t - 26. Give y(-2).
-108
Let q(p) = -3801*p + 3457. Determine q(1).
-344
Let w(o) = 14*o**3 + 84*o**2 - 445*o - 28. Give w(5).
1597
Let v(z) = -457*z - 169072. What is v(-370)?
18
Let b(z) = z + 583. Give b(-325).
258
Let s(w) = w**2 + 19*w - 1426. Determine s(-39).
-646
Let x(c) = 9*c**2 - 185*c + 653. What is x(15)?
-97
Let z(b) = -310209*b + 22. Determine z(0).
22
Let f(k) = -k**2 + 1455*k + 16072. Calculate f(-11).
-54
Let v(b) = -2*b**2 + 342*b + 6790. Calculate v(189).
-14
Let w(d) = -d**3 + 3*d**2 + 162*d + 1976. Determine w(18).
32
Let y(n) = -11030*n + 65485. Give y(6).
-695
Let l(r) = -r**2 + 747*r + 113987. Determine l(-130).
-23
Let w(o) = -15*o**3 - 293*o**2 - 1327*o + 884. Calculate w(-11).
-7
Let n(w) = -1010*w + 187109. Give n(185).
259
Let g(m) = -m**2 + 117*m + 395. Calculate g(149).
-4373
Let d(k) = -2*k**2 + 1339*k + 41944. Give d(-30).
-26
Let n(l) = -49*l**3 - 101*l**2 - 4*l + 5. Give n(-2).
1
Let w(d) = -4*d**2 - 247*d - 3390. Calculate w(-41).
13
Let i(v) = 74*v**3 - 745*v**2 + 14*v + 19. What is i(10)?
-341
Let c(r) = -r**3 + 4*r**2 + 533*r - 19. Determine c(-21).
-187
Let u(c) = -c**2 - 158*c - 7412. Determine u(-74).
-1196
Let d(w) = -928*w**2 + 28767*w - 3. Determine d(31).
-34
Let x(o) = -29114*o + 378485. Give x(13).
3
Let y(p) = 30624*p - 61262. Calculate y(2).
-14
Let g(p) = -2*p**2 - 1473*p - 129435. What is g(-102)?
3
Let h(k) = -k**3 + 139*k**2 + 579*k - 21748. Calculate h(142).
-22
Let i(l) = 4289*l + 162987. What is i(-38)?
5
Let j(s) = 24447*s + 391155. Calculate j(-16).
3
Let n(t) = -4*t**2 - 41*t + 2410. Give n(25).
-1115
Let l(q) = -q**2 + 265*q - 14608. Determine l(78).
-22
Let k(a) = -a**3 + 15*a**2 - 827*a - 8866. Give k(-9).
521
Let g(f) = f**2 - 372*f - 79624. Calculate g(-152).
24
Let c(a) = 226*a + 14077. What is c(-65)?
-613
Let b(y) = 27*y**2 + 9006*y + 282145. Give b(-35).
10
Let t(g) = 6887*g + 20304. Calculate t(-3).
-357
Let o(l) = 78307*l + 7047636. What is o(-90)?
6
Let w(k) = 2*k**3 + 2*k**2 - 52*k - 41. What is w(5)?
-1
Let i(t) = -25*t**3 + 275*t**2 + 61*t - 701. Calculate i(11).
-30
Let o(c) = -200137*c + 1601092. Give o(8).
-4
Let q(i) = i**3 + 258*i**2 - 6810*i - 11841. Calculate q(-282).
3
Let d(g) = 10*g**3 + 413*g**2 - 1667*g - 82. Determine d(-45).
8
Let u(a) = 153580*a + 460759. What is u(-3)?
19
Let f(t) = t**3 + 6*t**2 + 249*t + 2788. Calculate f(-10).
-102
Let v(x) = -x**3 - 48*x**2 - 9*x - 304. Calculate v(-48).
128
Let h(y) = y**3 - 79*y**2 - 2580*y + 377. Calculate h(-25).
-123
Let j(f) = -f**3 + 6*f**2 - 150*f - 1423. What is j(-6)?
-91
Let a(q) = 29919*q - 59867. Give a(2).
-29
Let l(i) = -7*i**3 - 1466*i**2 - 602*i + 5220. Determine l(-209).
-5
Let v(q) = -1670*q - 47535. Give v(-30).
2565
Let c(a) = -a**3 + 8*a**2 + 30166*a + 210424. Determine c(-7).
-3
Let l(z) = -z**2 - 12*z - 941. Calculate l(-18).
-1049
Let x(c) = -1140*c + 33139. What is x(29)?
79
Let h(r) = 2*r**3 + 166*r**2 - 33*r - 4034. Determine h(-83).
-1295
Let z(l) = 14*l**2 - 2417*l + 59353. Determine z(143).
8
Let k(x) = 6732*x - 309631. Give k(46).
41
Let m(w) = 2*w**3 + 231*w**2 - 1353*w - 2483. What is m(-121)?
179
Let a(t) = -t**3 + 733*t**2 + 138679*t - 780. Determine a(-156).
0
Let v(g) = 153*g + 5331. Determine v(-13).
3342
Let v(o) = -7*o**2 - 101*o - 701. Calculate v(-10).
-391
Let d(x) = -x**2 - 90*x + 961. Give d(-109).
-1110
Let t(h) = h**3 + 248*h**2 + 1914*h - 1462. Calculate t(-240).
-22
Let b(r) = 399*r + 5448. Give b(-13).
261
Let d(n) = -1968*n - 64974. What is d(-33)?
-30
Let z(m) = m**3 + 133*m**2 + 4068*m - 1011. Calculate z(-85).
9
Let x(f) = -f**2 - 1113*f - 36624. Give x(-34).
62
Let n(v) = 16*v**3 - 12*v**2 - 217*v + 2. What is n(4)?
-34
Let o(y) = 112*y**3 + 26*y**2 - 24*y - 51. Determine o(-1).
-113
Let k(l) = 119*l**2 + 8*l - 9. Give k(1).
118
Let c(b) = b**3 - 72*b**2 - 183*b + 2609. Give c(74).
19
Let o(y) = 33*y**2 - 616*y - 1841. Give o(-3).
304
Let j(b) = b**2 - 856*b + 23537. Calculate j(28).
353
Let c(u) = -72020*u + 288070. Calculate c(4).
-10
Let s(b) = -b**3 - 15*b**2 - 19*b + 88. What is s(-9)?
-227
Let s(x) = x**2 - 427*x + 14661. Give s(37).
231
Let h(u) = 4*u**2 + 1287*u + 5166. Calculate h(-4).
82
Let r(b) = -106326*b + 106332. Calculate r(1).
6
Let j(i) = 17191*i - 45. Give j(0).
-45
Let z(g) = 14*g + 335. What is z(-14)?
139
Let w(m) = -3*m**2 + 215*m - 3412. Give w(23).
-54
Let f(r) = 838*r + 6392. Determine f(-8).
-312
Let v(y) = -y**3 - 29*y**2 + 85*y + 682. Determine v(-31).
-31
Let a(z) = 483*z + 12528. Determine a(-26).
-30
Let i(h) = 6*h**3 + 625*h**2 - 527*h - 170. Calculate i(-105).
40
Let k(r) = 22*r**2 - 32*r + 212. Give k(7).
1066
Let z(h) = 1996*h + 67888. Determine z(-34).
24
Let i(q) = 7*q**2 - 509*q - 1158. Give i(75).
42
Let i(o) = -5*o**3 - 98*o**2 + 2337*o - 3797. What is i(-34)?
-23
Let b(z) = 58*z**2 + 520*z - 39509. What is b(22)?
3
Let a(h) = h**2 - 1931039*h - 13517332. Calculate a(-7).
-10
Let x(l) = 3609*l + 317607. What is x(-88)?
15
Let s(o) = -790*o**2 - 5831*o - 2130. What is s(-7)?
-23
Let n(c) = -c**3 + 306*c**2 + 2829*c - 587741. Determine n(309).
-23
Let s(q) = -q**2 - 1116*q - 81007. Give s(-78).
-43
Let v(r) = r**2 + 1146*r + 324226. Calculate v(-509).
-7
Let c(f) = 172779*f + 172777. Calculate c(-1).
-2
Let i(f) = -8*f**2 - 546*f + 1789. Give i(-72).
-371
Let q(k) = -76*k**2 + 40872*k + 8553. What is q(538)?
-55
Let w(n) = 202*n**2 - 326*n - 329. Calculate w(-1).
199
Let o(i) = 4440*i + 3769532. Calculate o(-849).
-28
Let s(i) = i**3 + 23*i**2 - 5423*i + 307. Calculate s(63).
-8
Let i(h) = 929*h + 3749. What is i(-4)?
33
Let p(y) = -y**3 - 45*y**2 + 45*y + 3952. Calculate p(-44).
36
Let l(q) = -q**3 + 6*q**2 + 228*q - 696. What is l(-14)?
32
Let g(c) = c**3 + 34*c**2 + 175*c - 393. What is g(-11)?
465
Let x(f) = 7435*f + 691407. Calculate x(-93).
-48
Let r(p) = 730*p - 1248. Determine r(1).
-518
Let k(w) = 8037*w + 4034638. Give k(-502).
64
Let l(i) = -32878*i + 230524. What is l(7)?
378
Let z(i) = 6*i**3 - 622*i**2 - 210*i + 137. Calculate z(104).
-71
Let l(y) = -y**2 + 755*y - 123877. Calculate l(241).
-3
Let h(l) = -3*l**3 + 475*l**2 + 9534*l + 46. Calculate h(-18).
-170
Let w(x) = -20*x**2 + 2573*x - 1652. Determine w(128).
12
Let s(a) = 45*a**3 - 80*a**2 - 87*a - 9. Give s(-1).
-47
Let s(j) = 5*j**3 - 4*j**2 - 66*j + 210. Determine s(6).
750
Let j(x) = 46682*x + 373429. What is j(-8)?
-27
Let w(u) = 5*u**2 - 1038*u + 4081. Determine w(4).
9
Let v(h) = -14*h**3 - 80*h**2 - 110*h - 32. What is v(-4)?
24
Let w(x) = 4*x**3 - 761*x**2 + 183*x + 1321. Calculate w(190).
-9
Let a(h) = -23122*h + 1040492. Determine a(45).
2
Let l(h) = h**3 - 85*h**2 + 1673*h + 31. What is l(54)?
-23
Let c(a) = -664*a**3 